 and 67053.
217
Calculate the highest common factor of 8215 and 155.
155
What is the greatest common factor of 176 and 16?
16
Calculate the greatest common divisor of 1107 and 108.
27
What is the greatest common divisor of 9485 and 70?
35
What is the highest common divisor of 222 and 2775?
111
Calculate the highest common divisor of 99 and 3663.
99
Calculate the greatest common factor of 70 and 98.
14
Calculate the highest common divisor of 21 and 1162.
7
Calculate the greatest common divisor of 16 and 538.
2
Calculate the greatest common factor of 12 and 3.
3
Calculate the highest common divisor of 14 and 1134.
14
Calculate the greatest common divisor of 24 and 4782.
6
Calculate the highest common factor of 552 and 11408.
184
Calculate the greatest common divisor of 170 and 765.
85
Calculate the highest common divisor of 1668 and 12.
12
What is the highest common factor of 48 and 20?
4
Calculate the greatest common factor of 155 and 6665.
155
Calculate the highest common factor of 67 and 15209.
67
What is the highest common factor of 38 and 4598?
38
What is the greatest common factor of 119 and 11543?
119
What is the highest common divisor of 112 and 2849?
7
Calculate the highest common divisor of 3 and 321.
3
Calculate the greatest common divisor of 1 and 75.
1
Calculate the greatest common divisor of 1897 and 21.
7
What is the greatest common divisor of 14229 and 62?
31
What is the highest common factor of 59321 and 274?
137
Calculate the highest common factor of 923 and 13.
13
What is the highest common factor of 63 and 198?
9
What is the greatest common factor of 3 and 87?
3
What is the greatest common factor of 5376 and 64?
64
Calculate the greatest common factor of 16 and 34648.
8
Calculate the greatest common divisor of 711 and 81.
9
What is the highest common factor of 6 and 201?
3
Calculate the greatest common factor of 2822 and 170.
34
Calculate the greatest common divisor of 67 and 66196.
67
Calculate the highest common divisor of 2 and 163.
1
What is the highest common factor of 464 and 8468?
116
What is the greatest common factor of 14 and 1043?
7
Calculate the highest common factor of 16352 and 73.
73
What is the highest common factor of 1 and 347?
1
Calculate the highest common divisor of 705 and 465.
15
Calculate the highest common factor of 128 and 160.
32
What is the greatest common factor of 2314 and 26?
26
What is the highest common divisor of 837 and 27?
27
Calculate the greatest common divisor of 32 and 72.
8
Calculate the greatest common divisor of 4674 and 152.
38
Calculate the greatest common factor of 82 and 40262.
82
Calculate the greatest common divisor of 7260 and 792.
132
What is the greatest common divisor of 5941 and 65?
13
Calculate the greatest common factor of 92 and 9200.
92
Calculate the greatest common divisor of 27 and 1755.
27
What is the highest common divisor of 16 and 368?
16
Calculate the greatest common divisor of 115 and 1748.
23
What is the greatest common divisor of 460 and 80270?
230
Calculate the highest common factor of 72 and 144.
72
Calculate the greatest common divisor of 2100 and 156.
12
Calculate the highest common factor of 84 and 72.
12
What is the greatest common factor of 59 and 236?
59
What is the greatest common divisor of 1650 and 132?
66
Calculate the highest common factor of 170 and 90.
10
Calculate the greatest common factor of 35250 and 15.
15
What is the greatest common factor of 205 and 95?
5
Calculate the greatest common divisor of 3608 and 88.
88
What is the highest common divisor of 2046 and 33?
33
What is the greatest common divisor of 119 and 357?
119
Calculate the greatest common divisor of 22 and 8998.
22
What is the highest common divisor of 2 and 54?
2
What is the greatest common factor of 6597 and 9?
9
What is the highest common factor of 39 and 6981?
39
Calculate the greatest common divisor of 55 and 2805.
55
What is the greatest common factor of 110 and 10?
10
Calculate the highest common divisor of 81 and 108.
27
What is the greatest common divisor of 18 and 3120?
6
Calculate the greatest common divisor of 190 and 152.
38
Calculate the greatest common divisor of 20 and 180.
20
What is the greatest common divisor of 485 and 5?
5
Calculate the highest common factor of 5795 and 190.
95
What is the highest common factor of 12 and 66?
6
What is the highest common divisor of 79 and 237?
79
Calculate the greatest common factor of 15 and 3390.
15
Calculate the greatest common factor of 1105 and 364.
13
Calculate the greatest common factor of 26 and 30238.
26
What is the greatest common factor of 22 and 2134?
22
What is the highest common divisor of 24 and 360?
24
What is the highest common factor of 57 and 361?
19
Calculate the greatest common factor of 94 and 22466.
94
What is the highest common factor of 180 and 288?
36
What is the greatest common divisor of 54 and 4?
2
Calculate the greatest common divisor of 5486 and 104.
26
What is the highest common divisor of 15 and 155?
5
What is the highest common factor of 72083 and 11?
11
Calculate the highest common factor of 3248 and 87.
29
What is the greatest common factor of 108 and 12?
12
Calculate the greatest common divisor of 270 and 25.
5
Calculate the highest common divisor of 1343 and 17.
17
Calculate the greatest common divisor of 290 and 10.
10
Calculate the highest common factor of 17 and 595.
17
What is the greatest common divisor of 9 and 285?
3
What is the greatest common factor of 5976 and 16?
8
What is the highest common factor of 551 and 38?
19
What is the greatest common divisor of 3211 and 845?
169
Calculate the greatest common factor of 38 and 22.
2
What is the highest common factor of 1 and 2420?
1
Calculate the highest common factor of 464 and 48.
16
Calculate the greatest common divisor of 8165 and 115.
115
What is the greatest common divisor of 24854 and 172?
86
What is the highest common factor of 108 and 300?
12
What is the highest common factor of 92729 and 91?
91
Calculate the highest common divisor of 7 and 679.
7
What is the greatest common divisor of 8 and 736?
8
Calculate the highest common divisor of 378 and 108.
54
Calculate the greatest common factor of 279 and 9.
9
Calculate the highest common factor of 406 and 9541.
203
What is the greatest common divisor of 108 and 9342?
54
Calculate the highest common factor of 248 and 1054.
62
Calculate the greatest common divisor of 24 and 1272.
24
What is the greatest common divisor of 722 and 38?
38
What is the greatest common divisor of 39 and 273?
39
Calculate the greatest common factor of 93 and 1829.
31
What is the greatest common divisor of 114 and 57?
57
Calculate the greatest common factor of 4653 and 297.
99
Calculate the highest common divisor of 200 and 1350.
50
What is the highest common factor of 9000 and 160?
40
Calculate the highest common factor of 9 and 225.
9
Calculate the greatest common factor of 350 and 602.
14
Calculate the greatest common divisor of 45 and 9.
9
What is the greatest common divisor of 17 and 34?
17
What is the greatest common factor of 3186 and 72?
18
What is the greatest common factor of 24 and 36?
12
What is the highest common divisor of 5 and 3700?
5
Calculate the highest common divisor of 133 and 304.
19
What is the greatest common divisor of 5539 and 1910?
191
Calculate the highest common factor of 12 and 7878.
6
What is the highest common divisor of 122 and 39650?
122
What is the greatest common divisor of 130 and 10?
10
Calculate the greatest common factor of 949 and 584.
73
Calculate the highest common divisor of 209 and 22.
11
Calculate the greatest common divisor of 39 and 453.
3
What is the highest common divisor of 792 and 297?
99
Calculate the highest common factor of 11 and 5.
1
Calculate the greatest common factor of 378 and 231.
21
Calculate the greatest common divisor of 2509 and 26.
13
What is the highest common divisor of 65 and 5330?
65
Calculate the greatest common divisor of 80 and 340.
20
Calculate the highest common factor of 931 and 95.
19
Calculate the greatest common divisor of 12 and 1374.
6
Calculate the highest common divisor of 60 and 1308.
12
What is the greatest common factor of 165 and 22?
11
What is the highest common divisor of 6336 and 4?
4
Calculate the highest common